digit of 8027?
0
What is the hundreds digit of 661?
6
What is the tens digit of 1414?
1
What is the tens digit of 5094?
9
What is the tens digit of 14925?
2
What is the thousands digit of 12358?
2
What is the thousands digit of 1518?
1
What is the thousands digit of 8893?
8
What is the units digit of 1992?
2
What is the thousands digit of 19863?
9
What is the tens digit of 37438?
3
What is the units digit of 8707?
7
What is the tens digit of 860?
6
What is the tens digit of 16880?
8
What is the tens digit of 619?
1
What is the units digit of 8805?
5
What is the hundreds digit of 6768?
7
What is the tens digit of 59683?
8
What is the ten thousands digit of 88878?
8
What is the hundreds digit of 6873?
8
What is the tens digit of 102586?
8
What is the units digit of 5449?
9
What is the tens digit of 27?
2
What is the units digit of 15310?
0
What is the hundreds digit of 1033?
0
What is the hundreds digit of 40116?
1
What is the thousands digit of 1622?
1
What is the thousands digit of 79929?
9
What is the units digit of 1635?
5
What is the tens digit of 1603?
0
What is the hundreds digit of 233?
2
What is the units digit of 8037?
7
What is the tens digit of 69415?
1
What is the tens digit of 536?
3
What is the ten thousands digit of 42061?
4
What is the thousands digit of 87210?
7
What is the units digit of 1418?
8
What is the thousands digit of 1272?
1
What is the tens digit of 8668?
6
What is the ten thousands digit of 11060?
1
What is the hundreds digit of 1576?
5
What is the thousands digit of 1457?
1
What is the thousands digit of 3285?
3
What is the tens digit of 5963?
6
What is the thousands digit of 37883?
7
What is the thousands digit of 1468?
1
What is the units digit of 62096?
6
What is the tens digit of 15795?
9
What is the hundreds digit of 6354?
3
What is the ten thousands digit of 53373?
5
What is the ten thousands digit of 15707?
1
What is the hundreds digit of 8123?
1
What is the hundreds digit of 160?
1
What is the units digit of 5638?
8
What is the hundreds digit of 3034?
0
What is the thousands digit of 1219?
1
What is the hundreds digit of 444?
4
What is the tens digit of 895?
9
What is the units digit of 45?
5
What is the hundreds digit of 1356?
3
What is the units digit of 390?
0
What is the hundreds digit of 2721?
7
What is the hundreds digit of 12655?
6
What is the thousands digit of 7365?
7
What is the units digit of 28088?
8
What is the units digit of 935?
5
What is the thousands digit of 6702?
6
What is the units digit of 54441?
1
What is the hundreds digit of 770?
7
What is the ten thousands digit of 11592?
1
What is the hundreds digit of 20754?
7
What is the tens digit of 4804?
0
What is the units digit of 6445?
5
What is the thousands digit of 2504?
2
What is the units digit of 7624?
4
What is the hundreds digit of 844?
8
What is the tens digit of 9396?
9
What is the tens digit of 70278?
7
What is the thousands digit of 45348?
5
What is the units digit of 1770?
0
What is the tens digit of 4232?
3
What is the thousands digit of 44694?
4
What is the thousands digit of 31823?
1
What is the thousands digit of 2543?
2
What is the thousands digit of 6852?
6
What is the tens digit of 10428?
2
What is the units digit of 41045?
5
What is the tens digit of 1175?
7
What is the ten thousands digit of 22334?
2
What is the units digit of 23335?
5
What is the hundreds digit of 465?
4
What is the units digit of 3550?
0
What is the thousands digit of 1438?
1
What is the thousands digit of 63632?
3
What is the units digit of 95704?
4
What is the hundreds digit of 389?
3
What is the tens digit of 89?
8
What is the ten thousands digit of 77929?
7
What is the units digit of 5227?
7
What is the thousands digit of 1022?
1
What is the thousands digit of 23811?
3
What is the units digit of 112862?
2
What is the tens digit of 18597?
9
What is the tens digit of 27187?
8
What is the tens digit of 1644?
4
What is the units digit of 21470?
0
What is the hundreds digit of 12818?
8
What is the units digit of 560?
0
What is the tens digit of 3797?
9
What is the units digit of 74931?
1
What is the units digit of 3489?
9
What is the thousands digit of 37925?
7
What is the tens digit of 5591?
9
What is the tens digit of 57862?
6
What is the hundreds digit of 1023?
0
What is the ten thousands digit of 38310?
3
What is the hundreds digit of 586?
5
What is the thousands digit of 2841?
2
What is the hundreds digit of 20240?
2
What is the ten thousands digit of 59195?
5
What is the tens digit of 1812?
1
What is the units digit of 3498?
8
What is the units digit of 50025?
5
What is the tens digit of 19629?
2
What is the tens digit of 38194?
9
What is the tens digit of 4919?
1
What is the ten thousands digit of 11068?
1
What is the thousands digit of 65829?
5
What is the hundreds digit of 170?
1
What is the units digit of 393?
3
What is the tens digit of 16469?
6
What is the hundreds digit of 137754?
7
What is the tens digit of 113567?
6
What is the thousands digit of 26088?
6
What is the thousands digit of 2573?
2
What is the tens digit of 780?
8
What is the tens digit of 3425?
2
What is the ten thousands digit of 137866?
3
What is the hundreds digit of 251?
2
What is the units digit of 1575?
5
What is the units digit of 47?
7
What is the thousands digit of 2107?
2
What is the thousands digit of 1098?
1
What is the hundreds digit of 895?
8
What is the tens digit of 969?
6
What is the hundreds digit of 25334?
3
What is the units digit of 8808?
8
What is the hundreds digit of 5349?
3
What is the thousands digit of 22790?
2
What is the hundreds digit of 56586?
5
What is the hundreds digit of 987?
9
What is the units digit of 64444?
4
What is the tens digit of 47669?
6
What is the hundreds digit of 942?
9
What is the units digit of 1187?
7
What is the thousands digit of 1621?
1
What is the units digit of 797?
7
What is the hundreds digit of 4637?
6
What is the units digit of 8830?
0
What is the tens digit of 170476?
7
What is the units digit of 1613?
3
What is the tens digit of 975?
7
What is the units digit of 11168?
8
What is the units digit of 934?
4
What is the tens digit of 2582?
8
What is the units digit of 196?
6
What is the units digit of 666?
6
What is the ten thousands digit of 44129?
4
What is the tens digit of 8682?
8
What is the hundreds digit of 6834?
8
What is the tens digit of 2800?
0
What is the thousands digit of 1075?
1
What is the thousands digit of 1216?
1
What is the units digit of 3126?
6
What is the units digit of 2787?
7
What is the hundreds digit of 18603?
6
What is the units digit of 7880?
0
What is the hundreds digit of 814?
8
What is the hundreds digit of 292?
2
What is the tens digit of 379?
7
What is the hundreds digit of 6866?
8
What is the tens digit of 15593?
9
What is the tens digit of 7290?
9
What is the hundreds digit of 233?
2
What is the tens digit of 116973?
7
What is the tens digit of 1864?
6
What is the thousands digit of 3370?
3
What is the tens digit of 1406?
0
What is the units digit of 33?
3
What is the units digit of 448?
8
What is the thousands digit of 8210?
8
What is the tens digit of 18715?
1
What is the units digit of 7861?
1
What is the hundreds digit of 16264?
2
What is the hundreds digit of 60102?
1
What is the hundreds digit of 76398?
3
What is the thousands digit of 9890?
9
What is the units digit of 41948?
8
What is the thousands digit of 81875?
1
What is the thousands digit of 1492?
1
What is the ten thousands digit of 39274?
3
What is the tens digit of 1033?
3
What is the hundreds digit of 1914?
9
What is the thousands digit of 41931?
1
What is the thousands digit of 1459?
1
What is the tens digit of 275?
7
What is the units digit of 335?
5
What is the tens digit of 1581?
8
What is the ten thousands digit of 33172?
3
What is the units digit of 34397?
7
What is the hundreds digit of 24748?
7
What is the thousands digit of 1189?
1
What is the tens digit of 9358?
5
What is the hundreds digit of 6547?
5
What is the tens digit of 106704?
0
What is the hundreds digit of 13468?
4
What is the ten thousands digit of 40863?
4
What is the tens digit of 1300?
0
What is the tens digit of 18282?
8
What is the thousands digit of 101658?
1
What is the hundred thousands digit of 119552?
1
What is the ten thousands